{"id":3262,"date":"2023-02-09T22:45:04","date_gmt":"2023-02-09T22:45:04","guid":{"rendered":"https:\/\/influencialab16.com\/dic22\/?page_id=3262"},"modified":"2024-03-07T23:49:46","modified_gmt":"2024-03-07T23:49:46","slug":"campana-de-pr-link-building","status":"publish","type":"page","link":"https:\/\/influencialab16.com\/index.php\/campana-de-pr-link-building\/","title":{"rendered":"Campa\u00f1a de PR &amp; Link Building"},"content":{"rendered":"\t\t<div data-elementor-type=\"wp-page\" data-elementor-id=\"3262\" class=\"elementor elementor-3262\" data-elementor-post-type=\"page\">\n\t\t\t\t\t\t<section class=\"elementor-section elementor-top-section elementor-element elementor-element-f500275 elementor-section-boxed elementor-section-height-default elementor-section-height-default\" data-id=\"f500275\" data-element_type=\"section\" data-settings=\"{&quot;background_background&quot;:&quot;classic&quot;,&quot;ekit_has_onepagescroll_dot&quot;:&quot;yes&quot;}\">\n\t\t\t\t\t\t\t<div class=\"elementor-background-overlay\"><\/div>\n\t\t\t\t\t\t\t<div class=\"elementor-container elementor-column-gap-default\">\n\t\t\t\t\t<div class=\"elementor-column elementor-col-100 elementor-top-column elementor-element elementor-element-48ad5b79\" data-id=\"48ad5b79\" data-element_type=\"column\">\n\t\t\t<div class=\"elementor-widget-wrap elementor-element-populated\">\n\t\t\t\t\t\t<div class=\"elementor-element elementor-element-6720d956 elementor-widget elementor-widget-heading\" data-id=\"6720d956\" data-element_type=\"widget\" data-settings=\"{&quot;ekit_we_effect_on&quot;:&quot;none&quot;}\" data-widget_type=\"heading.default\">\n\t\t\t\t<div class=\"elementor-widget-container\">\n\t\t\t<style>\/*! elementor - v3.23.0 - 05-08-2024 *\/\n.elementor-heading-title{padding:0;margin:0;line-height:1}.elementor-widget-heading .elementor-heading-title[class*=elementor-size-]>a{color:inherit;font-size:inherit;line-height:inherit}.elementor-widget-heading .elementor-heading-title.elementor-size-small{font-size:15px}.elementor-widget-heading .elementor-heading-title.elementor-size-medium{font-size:19px}.elementor-widget-heading .elementor-heading-title.elementor-size-large{font-size:29px}.elementor-widget-heading .elementor-heading-title.elementor-size-xl{font-size:39px}.elementor-widget-heading .elementor-heading-title.elementor-size-xxl{font-size:59px}<\/style><h1 class=\"elementor-heading-title elementor-size-default\">Campa\u00f1a de PR & Link Building<\/h1>\t\t<\/div>\n\t\t\t\t<\/div>\n\t\t\t\t<div class=\"elementor-element elementor-element-215dff1e elementor-widget elementor-widget-text-editor\" data-id=\"215dff1e\" data-element_type=\"widget\" data-settings=\"{&quot;ekit_we_effect_on&quot;:&quot;none&quot;}\" data-widget_type=\"text-editor.default\">\n\t\t\t\t<div class=\"elementor-widget-container\">\n\t\t\t<style>\/*! elementor - v3.23.0 - 05-08-2024 *\/\n.elementor-widget-text-editor.elementor-drop-cap-view-stacked .elementor-drop-cap{background-color:#69727d;color:#fff}.elementor-widget-text-editor.elementor-drop-cap-view-framed .elementor-drop-cap{color:#69727d;border:3px solid;background-color:transparent}.elementor-widget-text-editor:not(.elementor-drop-cap-view-default) .elementor-drop-cap{margin-top:8px}.elementor-widget-text-editor:not(.elementor-drop-cap-view-default) .elementor-drop-cap-letter{width:1em;height:1em}.elementor-widget-text-editor .elementor-drop-cap{float:left;text-align:center;line-height:1;font-size:50px}.elementor-widget-text-editor .elementor-drop-cap-letter{display:inline-block}<\/style>\t\t\t\t<p><strong>Mindshare<\/strong><\/p>\t\t\t\t\t\t<\/div>\n\t\t\t\t<\/div>\n\t\t\t\t\t<\/div>\n\t\t<\/div>\n\t\t\t\t\t<\/div>\n\t\t<\/section>\n\t\t\t\t<section class=\"elementor-section elementor-top-section elementor-element elementor-element-47842097 elementor-section-boxed elementor-section-height-default elementor-section-height-default\" data-id=\"47842097\" data-element_type=\"section\" data-settings=\"{&quot;ekit_has_onepagescroll_dot&quot;:&quot;yes&quot;}\">\n\t\t\t\t\t\t<div class=\"elementor-container elementor-column-gap-default\">\n\t\t\t\t\t<div class=\"elementor-column elementor-col-50 elementor-top-column elementor-element elementor-element-6c60fa06\" data-id=\"6c60fa06\" data-element_type=\"column\">\n\t\t\t<div class=\"elementor-widget-wrap elementor-element-populated\">\n\t\t\t\t\t\t<div class=\"elementor-element elementor-element-44c741d3 elementor-widget elementor-widget-image\" data-id=\"44c741d3\" data-element_type=\"widget\" data-settings=\"{&quot;ekit_we_effect_on&quot;:&quot;none&quot;}\" data-widget_type=\"image.default\">\n\t\t\t\t<div class=\"elementor-widget-container\">\n\t\t\t<style>\/*! elementor - v3.23.0 - 05-08-2024 *\/\n.elementor-widget-image{text-align:center}.elementor-widget-image a{display:inline-block}.elementor-widget-image a img[src$=\".svg\"]{width:48px}.elementor-widget-image img{vertical-align:middle;display:inline-block}<\/style>\t\t\t\t\t\t\t\t\t\t<img fetchpriority=\"high\" decoding=\"async\" width=\"1024\" height=\"579\" src=\"https:\/\/influencialab16.com\/wp-content\/uploads\/2023\/02\/201710-CAMPANA-MINDSHARE-PERU-AL-MUNDIAL-GESTION1-1024x579.jpg\" class=\"attachment-large size-large wp-image-3265\" alt=\"\" srcset=\"https:\/\/influencialab16.com\/wp-content\/uploads\/2023\/02\/201710-CAMPANA-MINDSHARE-PERU-AL-MUNDIAL-GESTION1-1024x579.jpg 1024w, https:\/\/influencialab16.com\/wp-content\/uploads\/2023\/02\/201710-CAMPANA-MINDSHARE-PERU-AL-MUNDIAL-GESTION1-300x169.jpg 300w, https:\/\/influencialab16.com\/wp-content\/uploads\/2023\/02\/201710-CAMPANA-MINDSHARE-PERU-AL-MUNDIAL-GESTION1-768x434.jpg 768w, https:\/\/influencialab16.com\/wp-content\/uploads\/2023\/02\/201710-CAMPANA-MINDSHARE-PERU-AL-MUNDIAL-GESTION1-1536x868.jpg 1536w, https:\/\/influencialab16.com\/wp-content\/uploads\/2023\/02\/201710-CAMPANA-MINDSHARE-PERU-AL-MUNDIAL-GESTION1-2048x1157.jpg 2048w\" sizes=\"(max-width: 1024px) 100vw, 1024px\" \/>\t\t\t\t\t\t\t\t\t\t\t\t\t<\/div>\n\t\t\t\t<\/div>\n\t\t\t\t<div class=\"elementor-element elementor-element-3d42de2 elementor-widget elementor-widget-text-editor\" data-id=\"3d42de2\" data-element_type=\"widget\" data-settings=\"{&quot;ekit_we_effect_on&quot;:&quot;none&quot;}\" data-widget_type=\"text-editor.default\">\n\t\t\t\t<div class=\"elementor-widget-container\">\n\t\t\t\t\t\t\t<p><strong>Gesti\u00f3n: Portada y art\u00edculo principal sobre estudio de Mindshare en Gesti\u00f3n<\/strong><\/p>\t\t\t\t\t\t<\/div>\n\t\t\t\t<\/div>\n\t\t\t\t<section class=\"elementor-section elementor-inner-section elementor-element elementor-element-3b34b1db elementor-section-boxed elementor-section-height-default elementor-section-height-default\" data-id=\"3b34b1db\" data-element_type=\"section\" data-settings=\"{&quot;ekit_has_onepagescroll_dot&quot;:&quot;yes&quot;}\">\n\t\t\t\t\t\t<div class=\"elementor-container elementor-column-gap-default\">\n\t\t\t\t\t<div class=\"elementor-column elementor-col-100 elementor-inner-column elementor-element elementor-element-5f10fccd\" data-id=\"5f10fccd\" data-element_type=\"column\">\n\t\t\t<div class=\"elementor-widget-wrap elementor-element-populated\">\n\t\t\t\t\t\t<div class=\"elementor-element elementor-element-1fb4bdfd elementor-widget elementor-widget-image\" data-id=\"1fb4bdfd\" data-element_type=\"widget\" data-settings=\"{&quot;ekit_we_effect_on&quot;:&quot;none&quot;}\" data-widget_type=\"image.default\">\n\t\t\t\t<div class=\"elementor-widget-container\">\n\t\t\t\t\t\t\t\t\t\t\t\t\t\t<a href=\"https:\/\/semanaeconomica.com\/economia-finanzas\/macroeconomia\/253436-el-peru-clasifico-al-mundial-cuanto-impacto-tendra-en-la-economia\" target=\"_blank\">\n\t\t\t\t\t\t\t<img decoding=\"async\" width=\"761\" height=\"1024\" src=\"https:\/\/influencialab16.com\/wp-content\/uploads\/2023\/02\/20171119-SE-MINDSHARE-A-MANTENER-LA-CABEZA-FRIA-761x1024.jpg\" class=\"attachment-large size-large wp-image-3266\" alt=\"\" srcset=\"https:\/\/influencialab16.com\/wp-content\/uploads\/2023\/02\/20171119-SE-MINDSHARE-A-MANTENER-LA-CABEZA-FRIA-761x1024.jpg 761w, https:\/\/influencialab16.com\/wp-content\/uploads\/2023\/02\/20171119-SE-MINDSHARE-A-MANTENER-LA-CABEZA-FRIA-223x300.jpg 223w, https:\/\/influencialab16.com\/wp-content\/uploads\/2023\/02\/20171119-SE-MINDSHARE-A-MANTENER-LA-CABEZA-FRIA-768x1034.jpg 768w, https:\/\/influencialab16.com\/wp-content\/uploads\/2023\/02\/20171119-SE-MINDSHARE-A-MANTENER-LA-CABEZA-FRIA-1141x1536.jpg 1141w, https:\/\/influencialab16.com\/wp-content\/uploads\/2023\/02\/20171119-SE-MINDSHARE-A-MANTENER-LA-CABEZA-FRIA-1521x2048.jpg 1521w, https:\/\/influencialab16.com\/wp-content\/uploads\/2023\/02\/20171119-SE-MINDSHARE-A-MANTENER-LA-CABEZA-FRIA-scaled.jpg 1902w\" sizes=\"(max-width: 761px) 100vw, 761px\" \/>\t\t\t\t\t\t\t\t<\/a>\n\t\t\t\t\t\t\t\t\t\t\t\t\t<\/div>\n\t\t\t\t<\/div>\n\t\t\t\t<div class=\"elementor-element elementor-element-5feef1e6 elementor-widget elementor-widget-text-editor\" data-id=\"5feef1e6\" data-element_type=\"widget\" data-settings=\"{&quot;ekit_we_effect_on&quot;:&quot;none&quot;}\" data-widget_type=\"text-editor.default\">\n\t\t\t\t<div class=\"elementor-widget-container\">\n\t\t\t\t\t\t\t<p><strong>Semana Econ\u00f3mica impresa y digital: Impacto del estudio de Mindshare en medio Semana Econ\u00f3mica<\/strong><\/p>\t\t\t\t\t\t<\/div>\n\t\t\t\t<\/div>\n\t\t\t\t\t<\/div>\n\t\t<\/div>\n\t\t\t\t\t<\/div>\n\t\t<\/section>\n\t\t\t\t<section class=\"elementor-section elementor-inner-section elementor-element elementor-element-6464174 elementor-section-boxed elementor-section-height-default elementor-section-height-default\" data-id=\"6464174\" data-element_type=\"section\" data-settings=\"{&quot;ekit_has_onepagescroll_dot&quot;:&quot;yes&quot;}\">\n\t\t\t\t\t\t<div class=\"elementor-container elementor-column-gap-default\">\n\t\t\t\t\t<div class=\"elementor-column elementor-col-50 elementor-inner-column elementor-element elementor-element-3f3da47\" data-id=\"3f3da47\" data-element_type=\"column\">\n\t\t\t<div class=\"elementor-widget-wrap elementor-element-populated\">\n\t\t\t\t\t\t<div class=\"elementor-element elementor-element-0d95a0a elementor-widget elementor-widget-image\" data-id=\"0d95a0a\" data-element_type=\"widget\" data-settings=\"{&quot;ekit_we_effect_on&quot;:&quot;none&quot;}\" data-widget_type=\"image.default\">\n\t\t\t\t<div class=\"elementor-widget-container\">\n\t\t\t\t\t\t\t\t\t\t\t\t\t\t<a href=\"https:\/\/www.peru-retail.com\/impacto-peru-clasifica-mundial-rusia-2018\/\" target=\"_blank\">\n\t\t\t\t\t\t\t<img decoding=\"async\" width=\"202\" height=\"142\" src=\"https:\/\/influencialab16.com\/wp-content\/uploads\/2023\/02\/PeruRetail.png\" class=\"attachment-large size-large wp-image-3267\" alt=\"\" \/>\t\t\t\t\t\t\t\t<\/a>\n\t\t\t\t\t\t\t\t\t\t\t\t\t<\/div>\n\t\t\t\t<\/div>\n\t\t\t\t<div class=\"elementor-element elementor-element-8ac7b97 elementor-widget elementor-widget-text-editor\" data-id=\"8ac7b97\" data-element_type=\"widget\" data-settings=\"{&quot;ekit_we_effect_on&quot;:&quot;none&quot;}\" data-widget_type=\"text-editor.default\">\n\t\t\t\t<div class=\"elementor-widget-container\">\n\t\t\t\t\t\t\t<p><strong>Per\u00fa Retail: Impacto del estudio de Mindshare en medio Per\u00fa Retail<\/strong><\/p>\t\t\t\t\t\t<\/div>\n\t\t\t\t<\/div>\n\t\t\t\t\t<\/div>\n\t\t<\/div>\n\t\t\t\t<div class=\"elementor-column elementor-col-50 elementor-inner-column elementor-element elementor-element-8391220\" data-id=\"8391220\" data-element_type=\"column\">\n\t\t\t<div class=\"elementor-widget-wrap\">\n\t\t\t\t\t\t\t<\/div>\n\t\t<\/div>\n\t\t\t\t\t<\/div>\n\t\t<\/section>\n\t\t\t\t\t<\/div>\n\t\t<\/div>\n\t\t\t\t<div class=\"elementor-column elementor-col-50 elementor-top-column elementor-element elementor-element-54f36e74\" data-id=\"54f36e74\" data-element_type=\"column\">\n\t\t\t<div class=\"elementor-widget-wrap elementor-element-populated\">\n\t\t\t\t\t\t<div class=\"elementor-element elementor-element-59a1087c elementor-widget elementor-widget-text-editor\" data-id=\"59a1087c\" data-element_type=\"widget\" data-settings=\"{&quot;ekit_we_effect_on&quot;:&quot;none&quot;}\" data-widget_type=\"text-editor.default\">\n\t\t\t\t<div class=\"elementor-widget-container\">\n\t\t\t\t\t\t\t<p>Con Mindshare nos planteamos la meta de fortalecer su reputaci\u00f3n online y offline e incrementar su cuota de voz de marca en escenarios multiplataforma.<\/p><p>Bajo ese reto, dise\u00f1amos una campa\u00f1a de PR 360\u00b0, centrada en una estrategia de contenidos y link building o construcci\u00f3n de enlaces.<\/p><p>Busc\u00e1bamos conectar a la marca y a su vocero con los medios de prensa e influencers medi\u00e1ticos para alcanzar los objetivos trazados.<\/p><p>Bajo el contexto de la campa\u00f1a \u201cPer\u00fa al Mundial\u201d y con nuestro equipo de periodismo de datos, estrategas en PR 360\u00b0 y expertos SEO, desarrollamos contenidos valiosos e hipervinculables que alcanzaron amplia exposici\u00f3n en diversas plataformas medi\u00e1ticas.<\/p>\t\t\t\t\t\t<\/div>\n\t\t\t\t<\/div>\n\t\t\t\t<div class=\"elementor-element elementor-element-32d72a7 elementor-widget elementor-widget-text-editor\" data-id=\"32d72a7\" data-element_type=\"widget\" data-settings=\"{&quot;ekit_we_effect_on&quot;:&quot;none&quot;}\" data-widget_type=\"text-editor.default\">\n\t\t\t\t<div class=\"elementor-widget-container\">\n\t\t\t\t\t\t\t<p><strong>Resultados de la campa\u00f1a:<\/strong><\/p>\t\t\t\t\t\t<\/div>\n\t\t\t\t<\/div>\n\t\t\t\t<div class=\"elementor-element elementor-element-a8f0582 elementor-widget elementor-widget-text-editor\" data-id=\"a8f0582\" data-element_type=\"widget\" data-settings=\"{&quot;ekit_we_effect_on&quot;:&quot;none&quot;}\" data-widget_type=\"text-editor.default\">\n\t\t\t\t<div class=\"elementor-widget-container\">\n\t\t\t\t\t\t\t<p>Nuestra campa\u00f1a de PR y Link Building se apoy\u00f3 en t\u00e9cnicas de data journalism, contenido de valor y estrategias SEO, obteniendo los siguientes resultados:<\/p><ul><li>Elaboraci\u00f3n de estudio con t\u00e9cnicas de periodismo de datos.<\/li><li>M\u00e1s de 20 apariciones en la campa\u00f1a en un mes.<\/li><li>Tres portadas en el principal medio TIER 1 de la marca, que es el principal medio de negocios del pa\u00eds.<\/li><li>Espacios protag\u00f3nicos en medios TIER1 y TIER2.<\/li><li>Entrevistas one to one del vocero con el 70% de medios TIER 1.<\/li><li>Menciones de marca y backlinks a favor de Mindshare y la campa\u00f1a.<\/li><\/ul>\t\t\t\t\t\t<\/div>\n\t\t\t\t<\/div>\n\t\t\t\t<div class=\"elementor-element elementor-element-461cb936 elementor-widget elementor-widget-text-editor\" data-id=\"461cb936\" data-element_type=\"widget\" data-settings=\"{&quot;ekit_we_effect_on&quot;:&quot;none&quot;}\" data-widget_type=\"text-editor.default\">\n\t\t\t\t<div class=\"elementor-widget-container\">\n\t\t\t\t\t\t\t<p><strong>Reputaci\u00f3n Multiplataforma &amp; Ruido Online<\/strong><\/p>\t\t\t\t\t\t<\/div>\n\t\t\t\t<\/div>\n\t\t\t\t<div class=\"elementor-element elementor-element-48652a93 elementor-widget elementor-widget-text-editor\" data-id=\"48652a93\" data-element_type=\"widget\" data-settings=\"{&quot;ekit_we_effect_on&quot;:&quot;none&quot;}\" data-widget_type=\"text-editor.default\">\n\t\t\t\t<div class=\"elementor-widget-container\">\n\t\t\t\t\t\t\tEn Influence Lab \u201916, nos apoyamos en una estrategia de reputaci\u00f3n orientada a escenarios multiplataforma.\n\nDise\u00f1amos una campa\u00f1a basada en acciones de relaciones p\u00fablicas, PR online, posicionamiento SEO, marketing de contenidos, gesti\u00f3n de influencers y escucha activa.\n\nAs\u00ed, alcanzamos los siguientes resultados en la primera campa\u00f1a:\n<ul>\n \t<li>70 apariciones en medios de comunicaci\u00f3n en la campa\u00f1a. El 50% de impactos fueron en las plataformas medi\u00e1ticas m\u00e1s relevantes para Daewoo. Se alcanz\u00f3 un ROI superior al 170% en t\u00e9rminos de inversi\u00f3n publicitaria.<\/li>\n \t<li>M\u00e1s de 40 publicaciones en medios digitales de gran alcance. Difundimos art\u00edculos positivos sobre la marca en las primeras p\u00e1ginas de Google.<\/li>\n \t<li>Acciones SEO ON PAGE: optimizamos el portal en velocidad e interactividad, mejorando la experiencia de usuario.<\/li>\n \t<li>Marketing de contenidos: generamos art\u00edculos SEO, infograf\u00edas, white papers, entre otros.<\/li>\n \t<li>Posicionamos el portal de Daewoo en la primera p\u00e1gina del buscador de Google.<\/li>\n \t<li>Implementaci\u00f3n del proceso de an\u00e1lisis: integramos su website con herramientas de medici\u00f3n Google Analytics y Google Search Console.<\/li>\n<\/ul>\t\t\t\t\t\t<\/div>\n\t\t\t\t<\/div>\n\t\t\t\t\t<\/div>\n\t\t<\/div>\n\t\t\t\t\t<\/div>\n\t\t<\/section>\n\t\t\t\t<\/div>\n\t\t","protected":false},"excerpt":{"rendered":"<p>Campa\u00f1a de PR &amp; Link Building Mindshare Gesti\u00f3n: Portada y art\u00edculo principal sobre estudio de Mindshare en Gesti\u00f3n Semana Econ\u00f3mica impresa y digital: Impacto del estudio de Mindshare en medio Semana Econ\u00f3mica Per\u00fa Retail: Impacto del estudio de Mindshare en medio Per\u00fa Retail Con Mindshare nos planteamos la meta de fortalecer su reputaci\u00f3n online y&#8230;<\/p>\n","protected":false},"author":1,"featured_media":0,"parent":0,"menu_order":0,"comment_status":"closed","ping_status":"closed","template":"","meta":{"_kadence_starter_templates_imported_post":false,"_kad_post_transparent":"","_kad_post_title":"hide","_kad_post_layout":"fullwidth","_kad_post_sidebar_id":"","_kad_post_content_style":"unboxed","_kad_post_vertical_padding":"hide","_kad_post_feature":"hide","_kad_post_feature_position":"","_kad_post_header":false,"_kad_post_footer":false},"yoast_head":"<!-- This site is optimized with the Yoast SEO plugin v20.12 - https:\/\/yoast.com\/wordpress\/plugins\/seo\/ -->\n<title>Campa\u00f1a de PR &amp; Link Building - Influence Lab<\/title>\n<meta name=\"robots\" content=\"index, follow, max-snippet:-1, max-image-preview:large, max-video-preview:-1\" \/>\n<link rel=\"canonical\" href=\"https:\/\/influencialab16.com\/index.php\/campana-de-pr-link-building\/\" \/>\n<meta property=\"og:locale\" content=\"es_ES\" \/>\n<meta property=\"og:type\" content=\"article\" \/>\n<meta property=\"og:title\" content=\"Campa\u00f1a de PR &amp; Link Building - Influence Lab\" \/>\n<meta property=\"og:description\" content=\"Campa\u00f1a de PR &amp; Link Building Mindshare Gesti\u00f3n: Portada y art\u00edculo principal sobre estudio de Mindshare en Gesti\u00f3n Semana Econ\u00f3mica impresa y digital: Impacto del estudio de Mindshare en medio Semana Econ\u00f3mica Per\u00fa Retail: Impacto del estudio de Mindshare en medio Per\u00fa Retail Con Mindshare nos planteamos la meta de fortalecer su reputaci\u00f3n online y...\" \/>\n<meta property=\"og:url\" content=\"https:\/\/influencialab16.com\/index.php\/campana-de-pr-link-building\/\" \/>\n<meta property=\"og:site_name\" content=\"Influence Lab\" \/>\n<meta property=\"article:publisher\" content=\"https:\/\/www.facebook.com\/agenciaInfluencelab16\" \/>\n<meta property=\"article:modified_time\" content=\"2024-03-07T23:49:46+00:00\" \/>\n<meta property=\"og:image\" content=\"https:\/\/influencialab16.com\/dic22\/wp-content\/uploads\/2023\/02\/201710-CAMPANA-MINDSHARE-PERU-AL-MUNDIAL-GESTION1-1024x579.jpg\" \/>\n<meta name=\"twitter:card\" content=\"summary_large_image\" \/>\n<meta name=\"twitter:label1\" content=\"Est. reading time\" \/>\n\t<meta name=\"twitter:data1\" content=\"3 minutos\" \/>\n<script type=\"application\/ld+json\" class=\"yoast-schema-graph\">{\"@context\":\"https:\/\/schema.org\",\"@graph\":[{\"@type\":\"WebPage\",\"@id\":\"https:\/\/influencialab16.com\/index.php\/campana-de-pr-link-building\/\",\"url\":\"https:\/\/influencialab16.com\/index.php\/campana-de-pr-link-building\/\",\"name\":\"Campa\u00f1a de PR &amp; Link Building - Influence Lab\",\"isPartOf\":{\"@id\":\"https:\/\/influencialab16.com\/#website\"},\"datePublished\":\"2023-02-09T22:45:04+00:00\",\"dateModified\":\"2024-03-07T23:49:46+00:00\",\"breadcrumb\":{\"@id\":\"https:\/\/influencialab16.com\/index.php\/campana-de-pr-link-building\/#breadcrumb\"},\"inLanguage\":\"es\",\"potentialAction\":[{\"@type\":\"ReadAction\",\"target\":[\"https:\/\/influencialab16.com\/index.php\/campana-de-pr-link-building\/\"]}]},{\"@type\":\"BreadcrumbList\",\"@id\":\"https:\/\/influencialab16.com\/index.php\/campana-de-pr-link-building\/#breadcrumb\",\"itemListElement\":[{\"@type\":\"ListItem\",\"position\":1,\"name\":\"Portada\",\"item\":\"https:\/\/influencialab16.com\/\"},{\"@type\":\"ListItem\",\"position\":2,\"name\":\"Campa\u00f1a de PR &amp; Link Building\"}]},{\"@type\":\"WebSite\",\"@id\":\"https:\/\/influencialab16.com\/#website\",\"url\":\"https:\/\/influencialab16.com\/\",\"name\":\"Influence Lab\",\"description\":\"\",\"publisher\":{\"@id\":\"https:\/\/influencialab16.com\/#organization\"},\"potentialAction\":[{\"@type\":\"SearchAction\",\"target\":{\"@type\":\"EntryPoint\",\"urlTemplate\":\"https:\/\/influencialab16.com\/?s={search_term_string}\"},\"query-input\":\"required name=search_term_string\"}],\"inLanguage\":\"es\"},{\"@type\":\"Organization\",\"@id\":\"https:\/\/influencialab16.com\/#organization\",\"name\":\"Influence Lab\",\"url\":\"https:\/\/influencialab16.com\/\",\"logo\":{\"@type\":\"ImageObject\",\"inLanguage\":\"es\",\"@id\":\"https:\/\/influencialab16.com\/#\/schema\/logo\/image\/\",\"url\":\"https:\/\/influencialab16.com\/dic22\/wp-content\/uploads\/2023\/01\/logo_influence_lab_16_agencia_reputacion_online_barcelona_7.jpg\",\"contentUrl\":\"https:\/\/influencialab16.com\/dic22\/wp-content\/uploads\/2023\/01\/logo_influence_lab_16_agencia_reputacion_online_barcelona_7.jpg\",\"width\":1080,\"height\":1080,\"caption\":\"Influence Lab\"},\"image\":{\"@id\":\"https:\/\/influencialab16.com\/#\/schema\/logo\/image\/\"},\"sameAs\":[\"https:\/\/www.facebook.com\/agenciaInfluencelab16\",\"https:\/\/www.linkedin.com\/company\/74055594\/admin\/\"]}]}<\/script>\n<!-- \/ Yoast SEO plugin. -->","yoast_head_json":{"title":"Campa\u00f1a de PR &amp; Link Building - Influence Lab","robots":{"index":"index","follow":"follow","max-snippet":"max-snippet:-1","max-image-preview":"max-image-preview:large","max-video-preview":"max-video-preview:-1"},"canonical":"https:\/\/influencialab16.com\/index.php\/campana-de-pr-link-building\/","og_locale":"es_ES","og_type":"article","og_title":"Campa\u00f1a de PR &amp; Link Building - Influence Lab","og_description":"Campa\u00f1a de PR &amp; Link Building Mindshare Gesti\u00f3n: Portada y art\u00edculo principal sobre estudio de Mindshare en Gesti\u00f3n Semana Econ\u00f3mica impresa y digital: Impacto del estudio de Mindshare en medio Semana Econ\u00f3mica Per\u00fa Retail: Impacto del estudio de Mindshare en medio Per\u00fa Retail Con Mindshare nos planteamos la meta de fortalecer su reputaci\u00f3n online y...","og_url":"https:\/\/influencialab16.com\/index.php\/campana-de-pr-link-building\/","og_site_name":"Influence Lab","article_publisher":"https:\/\/www.facebook.com\/agenciaInfluencelab16","article_modified_time":"2024-03-07T23:49:46+00:00","og_image":[{"url":"https:\/\/influencialab16.com\/dic22\/wp-content\/uploads\/2023\/02\/201710-CAMPANA-MINDSHARE-PERU-AL-MUNDIAL-GESTION1-1024x579.jpg"}],"twitter_card":"summary_large_image","twitter_misc":{"Est. reading time":"3 minutos"},"schema":{"@context":"https:\/\/schema.org","@graph":[{"@type":"WebPage","@id":"https:\/\/influencialab16.com\/index.php\/campana-de-pr-link-building\/","url":"https:\/\/influencialab16.com\/index.php\/campana-de-pr-link-building\/","name":"Campa\u00f1a de PR &amp; Link Building - Influence Lab","isPartOf":{"@id":"https:\/\/influencialab16.com\/#website"},"datePublished":"2023-02-09T22:45:04+00:00","dateModified":"2024-03-07T23:49:46+00:00","breadcrumb":{"@id":"https:\/\/influencialab16.com\/index.php\/campana-de-pr-link-building\/#breadcrumb"},"inLanguage":"es","potentialAction":[{"@type":"ReadAction","target":["https:\/\/influencialab16.com\/index.php\/campana-de-pr-link-building\/"]}]},{"@type":"BreadcrumbList","@id":"https:\/\/influencialab16.com\/index.php\/campana-de-pr-link-building\/#breadcrumb","itemListElement":[{"@type":"ListItem","position":1,"name":"Portada","item":"https:\/\/influencialab16.com\/"},{"@type":"ListItem","position":2,"name":"Campa\u00f1a de PR &amp; Link Building"}]},{"@type":"WebSite","@id":"https:\/\/influencialab16.com\/#website","url":"https:\/\/influencialab16.com\/","name":"Influence Lab","description":"","publisher":{"@id":"https:\/\/influencialab16.com\/#organization"},"potentialAction":[{"@type":"SearchAction","target":{"@type":"EntryPoint","urlTemplate":"https:\/\/influencialab16.com\/?s={search_term_string}"},"query-input":"required name=search_term_string"}],"inLanguage":"es"},{"@type":"Organization","@id":"https:\/\/influencialab16.com\/#organization","name":"Influence Lab","url":"https:\/\/influencialab16.com\/","logo":{"@type":"ImageObject","inLanguage":"es","@id":"https:\/\/influencialab16.com\/#\/schema\/logo\/image\/","url":"https:\/\/influencialab16.com\/dic22\/wp-content\/uploads\/2023\/01\/logo_influence_lab_16_agencia_reputacion_online_barcelona_7.jpg","contentUrl":"https:\/\/influencialab16.com\/dic22\/wp-content\/uploads\/2023\/01\/logo_influence_lab_16_agencia_reputacion_online_barcelona_7.jpg","width":1080,"height":1080,"caption":"Influence Lab"},"image":{"@id":"https:\/\/influencialab16.com\/#\/schema\/logo\/image\/"},"sameAs":["https:\/\/www.facebook.com\/agenciaInfluencelab16","https:\/\/www.linkedin.com\/company\/74055594\/admin\/"]}]}},"_links":{"self":[{"href":"https:\/\/influencialab16.com\/index.php\/wp-json\/wp\/v2\/pages\/3262"}],"collection":[{"href":"https:\/\/influencialab16.com\/index.php\/wp-json\/wp\/v2\/pages"}],"about":[{"href":"https:\/\/influencialab16.com\/index.php\/wp-json\/wp\/v2\/types\/page"}],"author":[{"embeddable":true,"href":"https:\/\/influencialab16.com\/index.php\/wp-json\/wp\/v2\/users\/1"}],"replies":[{"embeddable":true,"href":"https:\/\/influencialab16.com\/index.php\/wp-json\/wp\/v2\/comments?post=3262"}],"version-history":[{"count":18,"href":"https:\/\/influencialab16.com\/index.php\/wp-json\/wp\/v2\/pages\/3262\/revisions"}],"predecessor-version":[{"id":4069,"href":"https:\/\/influencialab16.com\/index.php\/wp-json\/wp\/v2\/pages\/3262\/revisions\/4069"}],"wp:attachment":[{"href":"https:\/\/influencialab16.com\/index.php\/wp-json\/wp\/v2\/media?parent=3262"}],"curies":[{"name":"wp","href":"https:\/\/api.w.org\/{rel}","templated":true}]}}